Calculate the remainder when 25314 is divided by 25314.
0
Calculate the remainder when 49167 is divided by 724.
659
Calculate the remainder when 9806 is divided by 880.
126
Calculate the remainder when 4221 is divided by 194.
147
What is the remainder when 59356 is divided by 212?
208
Calculate the remainder when 6012 is divided by 187.
28
What is the remainder when 11197 is divided by 1803?
379
What is the remainder when 1271 is divided by 33?
17
Calculate the remainder when 102268 is divided by 47.
43
What is the remainder when 3815 is divided by 49?
42
Calculate the remainder when 4259 is divided by 116.
83
Calculate the remainder when 176532 is divided by 38.
22
Calculate the remainder when 8198507 is divided by 43.
41
What is the remainder when 35199 is divided by 72?
63
What is the remainder when 67672 is divided by 24?
16
What is the remainder when 7358 is divided by 118?
42
Calculate the remainder when 17021 is divided by 128.
125
What is the remainder when 258323 is divided by 1254?
1253
What is the remainder when 71794 is divided by 374?
360
What is the remainder when 26166 is divided by 1249?
1186
Calculate the remainder when 51826 is divided by 6.
4
Calculate the remainder when 9043 is divided by 1797.
58
What is the remainder when 157514 is divided by 15?
14
What is the remainder when 402891 is divided by 11?
5
What is the remainder when 55462 is divided by 14?
8
What is the remainder when 64842 is divided by 1099?
1
Calculate the remainder when 44296 is divided by 923.
915
Calculate the remainder when 957 is divided by 93.
27
Calculate the remainder when 1573 is divided by 1540.
33
What is the remainder when 1260 is divided by 308?
28
What is the remainder when 27500 is divided by 9166?
2
What is the remainder when 12324 is divided by 127?
5
Calculate the remainder when 36062 is divided by 91.
26
What is the remainder when 8870 is divided by 19?
16
Calculate the remainder when 32335 is divided by 268.
175
What is the remainder when 7905 is divided by 3934?
37
What is the remainder when 19860 is divided by 144?
132
Calculate the remainder when 16042 is divided by 875.
292
Calculate the remainder when 75397 is divided by 68.
53
Calculate the remainder when 461133 is divided by 1122.
1113
What is the remainder when 22571 is divided by 34?
29
Calculate the remainder when 2864 is divided by 235.
44
What is the remainder when 9623 is divided by 4796?
31
What is the remainder when 849599 is divided by 82?
79
Calculate the remainder when 9189 is divided by 39.
24
Calculate the remainder when 714412 is divided by 77.
6
What is the remainder when 2906 is divided by 67?
25
What is the remainder when 307900 is divided by 307900?
0
Calculate the remainder when 78534 is divided by 136.
62
What is the remainder when 2735 is divided by 90?
35
What is the remainder when 68618 is divided by 17148?
26
What is the remainder when 3912 is divided by 65?
12
Calculate the remainder when 368095 is divided by 87.
85
Calculate the remainder when 113466 is divided by 668.
574
What is the remainder when 1303 is divided by 1162?
141
Calculate the remainder when 1702 is divided by 148.
74
What is the remainder when 125516 is divided by 120?
116
Calculate the remainder when 80974 is divided by 4.
2
Calculate the remainder when 95406 is divided by 2384.
46
What is the remainder when 5614 is divided by 30?
4
Calculate the remainder when 1272957 is divided by 1224.
1221
Calculate the remainder when 139341 is divided by 503.
10
Calculate the remainder when 9169 is divided by 4573.
23
What is the remainder when 6134622 is divided by 475?
472
Calculate the remainder when 773 is divided by 90.
53
What is the remainder when 41962 is divided by 26?
24
What is the remainder when 101042 is divided by 309?
308
What is the remainder when 48489 is divided by 289?
226
Calculate the remainder when 31184 is divided by 11.
10
Calculate the remainder when 2965 is divided by 162.
49
What is the remainder when 899 is divided by 27?
8
What is the remainder when 6451 is divided by 2145?
16
What is the remainder when 3324 is divided by 1590?
144
Calculate the remainder when 380188 is divided by 190.
188
Calculate the remainder when 2144 is divided by 2131.
13
What is the remainder when 1022 is divided by 352?
318
What is the remainder when 9050 is divided by 1969?
1174
What is the remainder when 293090 is divided by 47?
45
Calculate the remainder when 1034904 is divided by 644.
640
Calculate the remainder when 372122 is divided by 65.
62
What is the remainder when 57130 is divided by 60?
10
Calculate the remainder when 67119 is divided by 2314.
13
Calculate the remainder when 96202 is divided by 1013.
980
Calculate the remainder when 29832 is divided by 489.
3
Calculate the remainder when 3152 is divided by 711.
308
What is the remainder when 909485 is divided by 1030?
1025
Calculate the remainder when 8289 is divided by 2700.
189
Calculate the remainder when 93249 is divided by 46615.
19
What is the remainder when 5342 is divided by 243?
239
What is the remainder when 37513 is divided by 18735?
43
What is the remainder when 22963 is divided by 294?
31
Calculate the remainder when 118782 is divided by 1381.
16
Calculate the remainder when 17044 is divided by 1113.
349
Calculate the remainder when 129340 is divided by 86.
82
Calculate the remainder when 7121 is divided by 397.
372
Calculate the remainder when 5369 is divided by 2590.
189
Calculate the remainder when 854 is divided by 90.
44
Calculate the remainder when 935808 is divided by 119.
111
What is the remainder when 98345 is divided by 1069?
1066
What is the remainder when 5191 is divided by 985?
266
What is the remainder when 44505 is divided by 34?
33
Calculate the remainder when 2083 is divided by 204.
43
What is the remainder when 5798 is divided by 1912?
62
What is the remainder when 192991 is divided by 32?
31
Calculate the remainder when 24909 is divided by 27.
15
Calculate the remainder when 258019 is divided by 133.
132
Calculate the remainder when 1497 is divided by 36.
21
What is the remainder when 1241 is divided by 114?
101
Calculate the remainder when 430614 is divided by 38.
36
Calculate the remainder when 39327 is divided by 277.
270
What is the remainder when 64929 is divided by 1352?
33
Calculate the remainder when 67196 is divided by 52.
12
Calculate the remainder when 14735 is divided by 48.
47
Calculate the remainder when 6947 is divided by 153.
62
What is the remainder when 34777 is divided by 285?
7
What is the remainder when 37466 is divided by 2341?
10
What is the remainder when 10496 is divided by 1019?
306
What is the remainder when 6170 is divided by 335?
140
Calculate the remainder when 735 is divided by 535.
200
What is the remainder when 3775 is divided by 900?
175
Calculate the remainder when 177598 is divided by 337.
336
What is the remainder when 27437 is divided by 765?
662
What is the remainder when 38747 is divided by 1249?
28
What is the remainder when 466452 is divided by 258?
246
What is the remainder when 200752 is divided by 9?
7
Calculate the remainder when 1136 is divided by 892.
244
Calculate the remainder when 2550 is divided by 27.
12
Calculate the remainder when 3234 is divided by 1061.
51
Calculate the remainder when 5565 is divided by 1320.
285
What is the remainder when 3203 is divided by 81?
44
Calculate the remainder when 5048 is divided by 722.
716
Calculate the remainder when 177829 is divided by 187.
179
Calculate the remainder when 2320 is divided by 589.
553
What is the remainder when 2452 is divided by 224?
212
What is the remainder when 7918 is divided by 168?
22
What is the remainder when 8000 is divided by 7900?
100
What is the remainder when 12682 is divided by 103?
13
What is the remainder when 23634 is divided by 223?
219
Calculate the remainder when 80841 is divided by 37.
33
Calculate the remainder when 71890 is divided by 107.
93
Calculate the remainder when 13187 is divided by 99.
20
What is the remainder when 458 is divided by 397?
61
What is the remainder when 550 is divided by 44?
22
Calculate the remainder when 531967 is divided by 465.
7
What is the remainder when 31069 is divided by 32?
29
What is the remainder when 46384 is divided by 198?
52
What